vided by 162?
158
What is the remainder when 87428 is divided by 43684?
60
Calculate the remainder when 165882 is divided by 88.
2
What is the remainder when 104359 is divided by 42?
31
What is the remainder when 17991 is divided by 2244?
39
Calculate the remainder when 741844 is divided by 714.
712
Calculate the remainder when 3809 is divided by 120.
89
Calculate the remainder when 1361 is divided by 41.
8
What is the remainder when 994422 is divided by 8?
6
What is the remainder when 3284453 is divided by 141?
140
Calculate the remainder when 788893 is divided by 47.
45
What is the remainder when 6573 is divided by 387?
381
Calculate the remainder when 103190 is divided by 168.
38
What is the remainder when 10098 is divided by 62?
54
What is the remainder when 146641 is divided by 227?
226
What is the remainder when 5388 is divided by 20?
8
Calculate the remainder when 44938 is divided by 445.
438
Calculate the remainder when 90802 is divided by 42.
40
Calculate the remainder when 3140 is divided by 262.
258
What is the remainder when 1600 is divided by 40?
0
Calculate the remainder when 4059 is divided by 19.
12
Calculate the remainder when 2458 is divided by 2445.
13
What is the remainder when 666 is divided by 625?
41
What is the remainder when 7245 is divided by 880?
205
Calculate the remainder when 4519 is divided by 4515.
4
Calculate the remainder when 2018 is divided by 494.
42
What is the remainder when 96877 is divided by 3725?
27
What is the remainder when 7507 is divided by 50?
7
Calculate the remainder when 1694 is divided by 620.
454
What is the remainder when 37956 is divided by 226?
214
Calculate the remainder when 25002 is divided by 4149.
108
What is the remainder when 14988 is divided by 47?
42
Calculate the remainder when 49676 is divided by 2.
0
What is the remainder when 8923 is divided by 72?
67
What is the remainder when 673575 is divided by 1076?
1075
What is the remainder when 446 is divided by 109?
10
What is the remainder when 161 is divided by 83?
78
Calculate the remainder when 3978 is divided by 139.
86
Calculate the remainder when 45468 is divided by 12.
0
What is the remainder when 112936 is divided by 31?
3
What is the remainder when 368424 is divided by 4?
0
Calculate the remainder when 1850869 is divided by 2014.
3
What is the remainder when 77277 is divided by 868?
25
What is the remainder when 95412 is divided by 31771?
99
What is the remainder when 22428 is divided by 2482?
90
What is the remainder when 918513 is divided by 257?
252
What is the remainder when 133033 is divided by 10233?
4
What is the remainder when 34415 is divided by 27?
17
Calculate the remainder when 11424 is divided by 544.
0
What is the remainder when 2450 is divided by 18?
2
What is the remainder when 20099 is divided by 9966?
167
What is the remainder when 255064 is divided by 87?
67
Calculate the remainder when 6951 is divided by 1724.
55
Calculate the remainder when 15255 is divided by 681.
273
Calculate the remainder when 4226 is divided by 16.
2
What is the remainder when 196734 is divided by 643?
619
Calculate the remainder when 4081 is divided by 292.
285
What is the remainder when 4088 is divided by 460?
408
Calculate the remainder when 143286 is divided by 476.
10
What is the remainder when 23425 is divided by 265?
105
Calculate the remainder when 9756 is divided by 287.
285
What is the remainder when 4113 is divided by 379?
323
Calculate the remainder when 24080 is divided by 12.
8
Calculate the remainder when 31120 is divided by 342.
340
Calculate the remainder when 8532 is divided by 2131.
8
Calculate the remainder when 8215 is divided by 4104.
7
What is the remainder when 2545 is divided by 17?
12
Calculate the remainder when 45015 is divided by 171.
42
What is the remainder when 1164 is divided by 448?
268
What is the remainder when 280 is divided by 25?
5
Calculate the remainder when 127888 is divided by 245.
243
What is the remainder when 683 is divided by 216?
35
Calculate the remainder when 98010 is divided by 246.
102
Calculate the remainder when 82637 is divided by 40.
37
Calculate the remainder when 36497 is divided by 108.
101
Calculate the remainder when 96444 is divided by 840.
684
Calculate the remainder when 6814 is divided by 1356.
34
Calculate the remainder when 1743098 is divided by 352.
346
Calculate the remainder when 54985 is divided by 38.
37
What is the remainder when 6919589 is divided by 8?
5
Calculate the remainder when 16900 is divided by 612.
376
Calculate the remainder when 95421 is divided by 24.
21
Calculate the remainder when 691769 is divided by 91.
78
What is the remainder when 94128 is divided by 369?
33
What is the remainder when 174656 is divided by 20?
16
Calculate the remainder when 3285 is divided by 696.
501
Calculate the remainder when 15238 is divided by 2629.
2093
Calculate the remainder when 1328 is divided by 1253.
75
Calculate the remainder when 85416 is divided by 431.
78
What is the remainder when 3780527 is divided by 23?
17
Calculate the remainder when 146144 is divided by 73.
71
Calculate the remainder when 30123 is divided by 124.
115
What is the remainder when 97304 is divided by 1650?
1604
What is the remainder when 3085 is divided by 39?
4
What is the remainder when 56209 is divided by 46?
43
Calculate the remainder when 93729 is divided by 2403.
12
Calculate the remainder when 1232 is divided by 1138.
94
What is the remainder when 13690 is divided by 154?
138
Calculate the remainder when 32037 is divided by 1881.
60
Calculate the remainder when 2400 is divided by 1377.
1023
Calculate the remainder when 19490 is divided by 241.
210
Calculate the remainder when 187341 is divided by 286.
11
Calculate the remainder when 11408 is divided by 78.
20
What is the remainder when 1726 is divided by 55?
21
What is the remainder when 2544 is divided by 749?
297
What is the remainder when 4876 is divided by 105?
46
What is the remainder when 16886 is divided by 78?
38
Calculate the remainder when 138830 is divided by 69380.
70
Calculate the remainder when 68152 is divided by 22.
18
Calculate the remainder when 56586 is divided by 1507.
827
Calculate the remainder when 5284 is divided by 22.
4
What is the remainder when 8659 is divided by 200?
59
What is the remainder when 17333 is divided by 309?
29
Calculate the remainder when 81386 is divided by 3130.
6
What is the remainder when 2565 is divided by 847?
24
Calculate the remainder when 72379 is divided by 18094.
3
Calculate the remainder when 828 is divided by 412.
4
What is the remainder when 624 is divided by 76?
16
What is the remainder when 169074 is divided by 169067?
7
Calculate the remainder when 1423008 is divided by 11031.
9
What is the remainder when 170815 is divided by 34153?
50
What is the remainder when 647 is divided by 326?
321
Calculate the remainder when 457441 is divided by 124.
5
Calculate the remainder when 66636 is divided by 22.
20
What is the remainder when 86164 is divided by 278?
262
Calculate the remainder when 11759 is divided by 901.
46
Calculate the remainder when 77691 is divided by 38845.
1
Calculate the remainder when 345607 is divided by 19.
16
Calculate the remainder when 6349 is divided by 3172.
5
Calculate the remainder when 466 is divided by 164.
138
What is the remainder when 15005 is divided by 784?
109
What is the remainder when 845233 is divided by 59?
58
Calculate the remainder when 96780 is divided by 2251.
2238
Calculate the remainder when 2512 is divided by 1248.
16
Calculate the remainder when 18269 is divided by 2027.
26
What is the remainder when 59522 is divided by 640?
2
What is the remainder when 1055 is divided by 259?
19
Calculate the remainder when 47610 is divided by 422.
346
What is the remainder when 23827 is divided by 158?
127
Calculate the remainder when 908 is divided by 134.
104
Calculate the remainder when 5044 is divided by 1180.
324
What is the remainder when 4752 is divided by 153?
9
What is the remainder when 5191 is divided by 44?
43
What is the remainder when 27949 is divided by 4657?
7
What is the remainder when 773667 is divided by 93?
0
Calculate the remainder when 20347 is divided by 1691.
55
What is the remainder when 7077 is divided by 254?
219
Cal